{"id":423,"date":"2023-10-30T11:48:56","date_gmt":"2023-10-30T11:48:56","guid":{"rendered":"http:\/\/encontrogalegorrll.com\/?page_id=423"},"modified":"2023-10-31T16:43:03","modified_gmt":"2023-10-31T16:43:03","slug":"aviso-legal","status":"publish","type":"page","link":"https:\/\/encontrogalegorrll.com\/index.php\/aviso-legal\/","title":{"rendered":"Aviso Legal"},"content":{"rendered":"\t\t<div data-elementor-type=\"wp-page\" data-elementor-id=\"423\" class=\"elementor elementor-423\">\n\t\t\t\t<div class=\"elementor-element elementor-element-4598ee19 e-con-full e-flex e-con e-parent\" data-id=\"4598ee19\" data-element_type=\"container\" data-settings=\"{&quot;background_background&quot;:&quot;classic&quot;}\">\n\t\t<div class=\"elementor-element elementor-element-6bbf3eb8 e-con-full e-flex e-con e-child\" data-id=\"6bbf3eb8\" data-element_type=\"container\">\n\t\t\t\t<div class=\"elementor-element elementor-element-44fe4878 elementor-widget__width-initial elementor-widget elementor-widget-heading\" data-id=\"44fe4878\" data-element_type=\"widget\" data-widget_type=\"heading.default\">\n\t\t\t\t<div class=\"elementor-widget-container\">\n\t\t\t<h2 class=\"elementor-heading-title elementor-size-default\">Aviso Legal<\/h2>\t\t<\/div>\n\t\t\t\t<\/div>\n\t\t<div class=\"elementor-element elementor-element-3c49fdcc e-con-full e-flex e-con e-child\" data-id=\"3c49fdcc\" data-element_type=\"container\">\n\t\t\t\t<div class=\"elementor-element elementor-element-f4f16ad elementor-widget elementor-widget-heading\" data-id=\"f4f16ad\" data-element_type=\"widget\" data-widget_type=\"heading.default\">\n\t\t\t\t<div class=\"elementor-widget-container\">\n\t\t\t<h2 class=\"elementor-heading-title elementor-size-default\">Caracter\u00edsticas do sitio web<\/h2>\t\t<\/div>\n\t\t\t\t<\/div>\n\t\t\t\t<div class=\"elementor-element elementor-element-880ac23 elementor-widget elementor-widget-text-editor\" data-id=\"880ac23\" data-element_type=\"widget\" data-widget_type=\"text-editor.default\">\n\t\t\t\t<div class=\"elementor-widget-container\">\n\t\t\t\t\t\t\t<p>O sitio web do Encontro Galego de Relaci\u00f3ns Laborais ofrece informaci\u00f3n en Internet sobre a s\u00faa natureza, funci\u00f3ns e actividades. As\u00ed mesmo, ofrece informaci\u00f3n puntual sobre aquela actividade que considera de interese para as usuarias e os usuarios e para o p\u00fablico en xeral.<\/p>\t\t\t\t\t\t<\/div>\n\t\t\t\t<\/div>\n\t\t\t\t<div class=\"elementor-element elementor-element-644d41f elementor-widget elementor-widget-heading\" data-id=\"644d41f\" data-element_type=\"widget\" data-widget_type=\"heading.default\">\n\t\t\t\t<div class=\"elementor-widget-container\">\n\t\t\t<h2 class=\"elementor-heading-title elementor-size-default\">Propiedade intelectual<\/h2>\t\t<\/div>\n\t\t\t\t<\/div>\n\t\t\t\t<div class=\"elementor-element elementor-element-69d3b0f0 elementor-widget elementor-widget-text-editor\" data-id=\"69d3b0f0\" data-element_type=\"widget\" data-widget_type=\"text-editor.default\">\n\t\t\t\t<div class=\"elementor-widget-container\">\n\t\t\t\t\t\t\t<p>O CGRL \u00e9 o titular do dominio <strong><em>encontrogalegorrll.com.<\/em><\/strong><\/p><p>Os dereitos de propiedade intelectual deste sitio web e dos elementos nel contidos pertencen ao CGRL.<\/p><p>Os contidos e documentos obtidos deste sitio web som\u00e9tense \u00e1s normas habituais de citaci\u00f3n para traballos cient\u00edficos e t\u00e9cnicos.<\/p>\t\t\t\t\t\t<\/div>\n\t\t\t\t<\/div>\n\t\t\t\t<div class=\"elementor-element elementor-element-8458c6f elementor-widget elementor-widget-heading\" data-id=\"8458c6f\" data-element_type=\"widget\" data-widget_type=\"heading.default\">\n\t\t\t\t<div class=\"elementor-widget-container\">\n\t\t\t<h2 class=\"elementor-heading-title elementor-size-default\">Privacidade e protecci\u00f3n de datos persoais<\/h2>\t\t<\/div>\n\t\t\t\t<\/div>\n\t\t\t\t<div class=\"elementor-element elementor-element-191c652 elementor-widget elementor-widget-text-editor\" data-id=\"191c652\" data-element_type=\"widget\" data-widget_type=\"text-editor.default\">\n\t\t\t\t<div class=\"elementor-widget-container\">\n\t\t\t\t\t\t\t<p>A pol\u00edtica de privacidade bas\u00e9ase en solicitar s\u00f3 os datos estritamente imprescindibles para poder proporcionar os servizos da web \u00e1s s\u00faas usuarias e usuarios.<\/p><p>O tratamento dos datos de car\u00e1cter persoal que se realicen a trav\u00e9s da web estar\u00e1n suxeitos ao establecido na Lei org\u00e1nica 15\/1999, de protecci\u00f3n de datos de car\u00e1cter persoal e ao resto da normativa de aplicaci\u00f3n.<\/p><p>Os datos que se recollan das usuarias e usuarios da web (a trav\u00e9s de caixas de correo e\/ou formularios de contacto ou suxesti\u00f3ns e similares) trat\u00e1ranse informaticamente e arquivaranse co consentimento das persoas interesadas, que te\u00f1en dereito a decidir quen pode ter os seus datos, a saber para que os usa, a solicitar que sexan exactos e que se empreguen para o fin co que se recollen, coas excepci\u00f3ns previstas na lexislaci\u00f3n vixente. Os servizos do CGRL encargados de responder \u00e1s consultas que lles fagan as usuarias y usuarios atender\u00e1n a finalidade dos datos recollidos e a pol\u00edtica de privacidade, sen divulgar os datos para outros fins.<\/p>\t\t\t\t\t\t<\/div>\n\t\t\t\t<\/div>\n\t\t\t\t<\/div>\n\t\t\t\t<\/div>\n\t\t\t\t<\/div>\n\t\t<div class=\"elementor-element elementor-element-278af938 e-con-full e-flex e-con e-parent\" data-id=\"278af938\" data-element_type=\"container\">\n\t\t<div class=\"elementor-element elementor-element-27a0475c e-con-full e-flex e-con e-child\" data-id=\"27a0475c\" data-element_type=\"container\">\n\t\t<div class=\"elementor-element elementor-element-4ac7e022 e-flex e-con-boxed e-con e-child\" data-id=\"4ac7e022\" data-element_type=\"container\">\n\t\t\t\t\t<div class=\"e-con-inner\">\n\t\t\t\t<div class=\"elementor-element elementor-element-48eaaff5 elementor-widget elementor-widget-heading\" data-id=\"48eaaff5\" data-element_type=\"widget\" data-widget_type=\"heading.default\">\n\t\t\t\t<div class=\"elementor-widget-container\">\n\t\t\t<h2 class=\"elementor-heading-title elementor-size-default\">Contacto<\/h2>\t\t<\/div>\n\t\t\t\t<\/div>\n\t\t\t\t<div class=\"elementor-element elementor-element-1c083a35 elementor-widget elementor-widget-text-editor\" data-id=\"1c083a35\" data-element_type=\"widget\" data-widget_type=\"text-editor.default\">\n\t\t\t\t<div class=\"elementor-widget-container\">\n\t\t\t\t\t\t\t<p>R\u00faa da Algalia de Abaixo, 24,<br \/>15704 Santiago de Compostela,<br \/>A Coru\u00f1a<\/p><p>981 54 16 02<br \/><span style=\"color: #ffffff;\"><a style=\"color: #ffffff;\" href=\"mailto:info.cgrl@xunta.es\">info.cgrl@xunta.es<\/a><\/span><\/p>\t\t\t\t\t\t<\/div>\n\t\t\t\t<\/div>\n\t\t\t\t\t<\/div>\n\t\t\t\t<\/div>\n\t\t<div class=\"elementor-element elementor-element-50b8240e e-flex e-con-boxed e-con e-child\" data-id=\"50b8240e\" data-element_type=\"container\">\n\t\t\t\t\t<div class=\"e-con-inner\">\n\t\t<div class=\"elementor-element elementor-element-4567a596 e-flex e-con-boxed e-con e-child\" data-id=\"4567a596\" data-element_type=\"container\">\n\t\t\t\t\t<div class=\"e-con-inner\">\n\t\t<div class=\"elementor-element elementor-element-192a3fa0 e-con-full e-flex e-con e-child\" data-id=\"192a3fa0\" data-element_type=\"container\">\n\t\t\t\t<div class=\"elementor-element elementor-element-19d1a1ab elementor-view-default elementor-widget elementor-widget-icon\" data-id=\"19d1a1ab\" data-element_type=\"widget\" data-widget_type=\"icon.default\">\n\t\t\t\t<div class=\"elementor-widget-container\">\n\t\t\t\t\t<div class=\"elementor-icon-wrapper\">\n\t\t\t<a class=\"elementor-icon\" href=\"https:\/\/www.linkedin.com\/company\/consello-galego-de-relaci%C3%B3ns-laborais\/?originalSubdomain=es\">\n\t\t\t<i aria-hidden=\"true\" class=\"fab fa-linkedin\"><\/i>\t\t\t<\/a>\n\t\t<\/div>\n\t\t\t\t<\/div>\n\t\t\t\t<\/div>\n\t\t\t\t<div class=\"elementor-element elementor-element-52e0b722 elementor-view-default elementor-widget elementor-widget-icon\" data-id=\"52e0b722\" data-element_type=\"widget\" data-widget_type=\"icon.default\">\n\t\t\t\t<div class=\"elementor-widget-container\">\n\t\t\t\t\t<div class=\"elementor-icon-wrapper\">\n\t\t\t<a class=\"elementor-icon\" href=\"https:\/\/twitter.com\/cgrrll\">\n\t\t\t<i aria-hidden=\"true\" class=\"fab fa-twitter-square\"><\/i>\t\t\t<\/a>\n\t\t<\/div>\n\t\t\t\t<\/div>\n\t\t\t\t<\/div>\n\t\t\t\t<\/div>\n\t\t\t\t\t<\/div>\n\t\t\t\t<\/div>\n\t\t\t\t<div class=\"elementor-element elementor-element-6a83f07c elementor-widget elementor-widget-text-editor\" data-id=\"6a83f07c\" data-element_type=\"widget\" data-widget_type=\"text-editor.default\">\n\t\t\t\t<div class=\"elementor-widget-container\">\n\t\t\t\t\t\t\t<p style=\"text-align: right;\"><span style=\"color: #ffffff;\"><a href=\"http:\/\/encontrogalegorrll.com\/index.php\/aviso-legal\/\"><span style=\"color: #ffffff;\">Aviso Legal<\/span><\/a><\/span><\/p>\t\t\t\t\t\t<\/div>\n\t\t\t\t<\/div>\n\t\t\t\t\t<\/div>\n\t\t\t\t<\/div>\n\t\t\t\t<\/div>\n\t\t\t\t<\/div>\n\t\t\t\t<\/div>\n\t\t","protected":false},"excerpt":{"rendered":"<p>Aviso Legal Caracter\u00edsticas do sitio web O sitio web do Encontro Galego de Relaci\u00f3ns Laborais ofrece informaci\u00f3n en Internet sobre a s\u00faa natureza, funci\u00f3ns e actividades. As\u00ed mesmo, ofrece informaci\u00f3n puntual sobre aquela actividade que considera de interese para as usuarias e os usuarios e para o p\u00fablico en xeral. Propiedade intelectual O CGRL \u00e9 [&hellip;]<\/p>\n","protected":false},"author":2,"featured_media":67,"parent":0,"menu_order":0,"comment_status":"closed","ping_status":"closed","template":"","meta":{"om_disable_all_campaigns":false,"_monsterinsights_skip_tracking":false,"_monsterinsights_sitenote_active":false,"_monsterinsights_sitenote_note":"","_monsterinsights_sitenote_category":0,"footnotes":""},"class_list":["post-423","page","type-page","status-publish","has-post-thumbnail","hentry"],"aioseo_notices":[],"_links":{"self":[{"href":"https:\/\/encontrogalegorrll.com\/index.php\/wp-json\/wp\/v2\/pages\/423","targetHints":{"allow":["GET"]}}],"collection":[{"href":"https:\/\/encontrogalegorrll.com\/index.php\/wp-json\/wp\/v2\/pages"}],"about":[{"href":"https:\/\/encontrogalegorrll.com\/index.php\/wp-json\/wp\/v2\/types\/page"}],"author":[{"embeddable":true,"href":"https:\/\/encontrogalegorrll.com\/index.php\/wp-json\/wp\/v2\/users\/2"}],"replies":[{"embeddable":true,"href":"https:\/\/encontrogalegorrll.com\/index.php\/wp-json\/wp\/v2\/comments?post=423"}],"version-history":[{"count":13,"href":"https:\/\/encontrogalegorrll.com\/index.php\/wp-json\/wp\/v2\/pages\/423\/revisions"}],"predecessor-version":[{"id":483,"href":"https:\/\/encontrogalegorrll.com\/index.php\/wp-json\/wp\/v2\/pages\/423\/revisions\/483"}],"wp:featuredmedia":[{"embeddable":true,"href":"https:\/\/encontrogalegorrll.com\/index.php\/wp-json\/wp\/v2\/media\/67"}],"wp:attachment":[{"href":"https:\/\/encontrogalegorrll.com\/index.php\/wp-json\/wp\/v2\/media?parent=423"}],"curies":[{"name":"wp","href":"https:\/\/api.w.org\/{rel}","templated":true}]}}